{"id":2447,"date":"2024-10-11T12:56:00","date_gmt":"2024-10-11T10:56:00","guid":{"rendered":"https:\/\/metapro-service.fr\/?post_type=product&#038;p=2447"},"modified":"2024-11-07T11:59:24","modified_gmt":"2024-11-07T10:59:24","slug":"chauffe-eau-electrique-l-30-blu-ariston","status":"publish","type":"product","link":"https:\/\/metapro-service.fr\/index.php\/produit\/chauffe-eau-electrique-l-30-blu-ariston\/","title":{"rendered":"Chauffe-eau \u00e9lectrique L 30 Blu Evo R30\/3 Ariston"},"content":{"rendered":"<p style=\"text-align: left;\"><strong><span style=\"color: #800000;\">Avec Metapro Service, soyez serein : nous sommes l\u00e0 pour vous d\u00e9panner. Proches de vous dans le 14\u1d49 arrondissement de Paris, notre \u00e9quipe est pr\u00eate \u00e0 intervenir rapidement.<\/span><\/strong><\/p>\n<table class=\"o-product-features alignleft\" style=\"height: 748px;\" role=\"presentation\" width=\"586\" data-cerberus=\"TABLE_AttributesProduct\">\n<tbody>\n<tr class=\"m-product-attr-row\">\n<th class=\"m-product-attr-row__name\" style=\"text-align: left;\" scope=\"row\">Type de produit<\/th>\n<td class=\"m-product-attr-row__value\" style=\"text-align: left;\">Chauffe-eau \u00e9lectrique \u00e0 accumulation<\/td>\n<\/tr>\n<tr class=\"m-product-attr-row\">\n<th class=\"m-product-attr-row__name\" scope=\"row\">Marque du produit<\/th>\n<td class=\"m-product-attr-row__value\">ARISTON<\/td>\n<\/tr>\n<tr class=\"m-product-attr-row\">\n<th class=\"m-product-attr-row__name\" scope=\"row\">Capacit\u00e9 (en L)<\/th>\n<td class=\"m-product-attr-row__value\">30<\/td>\n<\/tr>\n<tr class=\"m-product-attr-row\">\n<th class=\"m-product-attr-row__name\" scope=\"row\">Hauteur (en cm)<\/th>\n<td class=\"m-product-attr-row__value\">45<\/td>\n<\/tr>\n<tr class=\"m-product-attr-row\">\n<th class=\"m-product-attr-row__name\" scope=\"row\">Largeur (en cm)<\/th>\n<td class=\"m-product-attr-row__value\">41<\/td>\n<\/tr>\n<tr class=\"m-product-attr-row\">\n<th class=\"m-product-attr-row__name\" scope=\"row\">Profondeur (en cm)<\/th>\n<td class=\"m-product-attr-row__value\">45<\/td>\n<\/tr>\n<tr class=\"m-product-attr-row\">\n<th class=\"m-product-attr-row__name\" scope=\"row\">Positionnement<\/th>\n<td class=\"m-product-attr-row__value\">Vertical<\/td>\n<\/tr>\n<tr class=\"m-product-attr-row\">\n<th class=\"m-product-attr-row__name\" scope=\"row\">Type de pose<\/th>\n<td class=\"m-product-attr-row__value\">A suspendre<\/td>\n<\/tr>\n<tr class=\"m-product-attr-row\">\n<th class=\"m-product-attr-row__name\" scope=\"row\">Destination<\/th>\n<td class=\"m-product-attr-row__value\">Au dessus de l&rsquo;\u00e9vier<\/td>\n<\/tr>\n<tr class=\"m-product-attr-row\">\n<th class=\"m-product-attr-row__name\" scope=\"row\">Puissance (en kW)<\/th>\n<td class=\"m-product-attr-row__value\">1.5<\/td>\n<\/tr>\n<tr class=\"m-product-attr-row\">\n<th class=\"m-product-attr-row__name\" scope=\"row\">Classe \u00e9nerg\u00e9tique<\/th>\n<td class=\"m-product-attr-row__value\">Produit sans classe \u00e9nerg\u00e9tique<\/td>\n<\/tr>\n<tr class=\"m-product-attr-row\">\n<th class=\"m-product-attr-row__name\" scope=\"row\">Protection anticorrosion<\/th>\n<td class=\"m-product-attr-row__value\">Anode magn\u00e9sium<\/td>\n<\/tr>\n<tr class=\"m-product-attr-row\">\n<th class=\"m-product-attr-row__name\" scope=\"row\">Type de thermostat<\/th>\n<td class=\"m-product-attr-row__value\">M\u00e9canique<\/td>\n<\/tr>\n<tr class=\"m-product-attr-row\">\n<th class=\"m-product-attr-row__name\" scope=\"row\">Garantie de la cuve (en ann\u00e9e)<\/th>\n<td class=\"m-product-attr-row__value\">3<\/td>\n<\/tr>\n<\/tbody>\n<\/table>\n<p style=\"text-align: left;\">\n","protected":false},"excerpt":{"rendered":"<h3 style=\"text-align: left;\"><strong>Caract\u00e9ristiques principales<\/strong><\/h3>\n<p>&nbsp;<\/p>\n<ul>\n<li style=\"text-align: left;\"><strong>Chauffe-eau \u00e9lectrique \u00e0 accumulation<\/strong> ARISTON, compact et con\u00e7u pour les petits besoins en eau chaude avec une capacit\u00e9 de 30 L.<\/li>\n<li style=\"text-align: left;\"><strong>Puissance de 1,5 kW<\/strong> offrant une chauffe adapt\u00e9e aux installations au-dessus de l&rsquo;\u00e9vier.<\/li>\n<li style=\"text-align: left;\"><strong>Protection anticorrosion<\/strong> : \u00e9quip\u00e9 d&rsquo;une anode en magn\u00e9sium et d\u2019une cuve \u00e9maill\u00e9e pour une meilleure durabilit\u00e9.<\/li>\n<li style=\"text-align: left;\"><strong>S\u00e9curit\u00e9 et fiabilit\u00e9<\/strong> : thermostat de s\u00e9curit\u00e9 bipolaire et soupape de s\u00e9curit\u00e9 int\u00e9gr\u00e9s.<\/li>\n<li style=\"text-align: left;\"><strong>Installation verticale suspendue<\/strong>, avec des dimensions compactes (H x L x P : 45 x 41 x 45 cm), id\u00e9al pour les espaces restreints.<\/li>\n<li style=\"text-align: left;\"><strong>Garantie de 3 ans<\/strong> sur la cuve pour une tranquillit\u00e9 d\u2019esprit lors de l&rsquo;utilisation quotidienne.<\/li>\n<\/ul>\n","protected":false},"featured_media":2442,"template":"","meta":{"_eb_attr":"","site-sidebar-layout":"default","site-content-layout":"","ast-site-content-layout":"default","site-content-style":"default","site-sidebar-style":"default","ast-global-header-display":"","ast-banner-title-visibility":"","ast-main-header-display":"","ast-hfb-above-header-display":"","ast-hfb-below-header-display":"","ast-hfb-mobile-header-display":"","site-post-title":"","ast-breadcrumbs-content":"","ast-featured-img":"","footer-sml-layout":"","theme-transparent-header-meta":"default","adv-header-id-meta":"","stick-header-meta":"","header-above-stick-meta":"","header-main-stick-meta":"","header-below-stick-meta":"","astra-migrate-meta-layouts":"set","ast-page-background-enabled":"default","ast-page-background-meta":{"desktop":{"background-color":"var(--ast-global-color-4)","background-image":"","background-repeat":"repeat","background-position":"center center","background-size":"auto","background-attachment":"scroll","background-type":"","background-media":"","overlay-type":"","overlay-color":"","overlay-opacity":"","overlay-gradient":""},"tablet":{"background-color":"","background-image":"","background-repeat":"repeat","background-position":"center center","background-size":"auto","background-attachment":"scroll","background-type":"","background-media":"","overlay-type":"","overlay-color":"","overlay-opacity":"","overlay-gradient":""},"mobile":{"background-color":"","background-image":"","background-repeat":"repeat","background-position":"center center","background-size":"auto","background-attachment":"scroll","background-type":"","background-media":"","overlay-type":"","overlay-color":"","overlay-opacity":"","overlay-gradient":""}},"ast-content-background-meta":{"desktop":{"background-color":"var(--ast-global-color-5)","background-image":"","background-repeat":"repeat","background-position":"center center","background-size":"auto","background-attachment":"scroll","background-type":"","background-media":"","overlay-type":"","overlay-color":"","overlay-opacity":"","overlay-gradient":""},"tablet":{"background-color":"var(--ast-global-color-5)","background-image":"","background-repeat":"repeat","background-position":"center center","background-size":"auto","background-attachment":"scroll","background-type":"","background-media":"","overlay-type":"","overlay-color":"","overlay-opacity":"","overlay-gradient":""},"mobile":{"background-color":"var(--ast-global-color-5)","background-image":"","background-repeat":"repeat","background-position":"center center","background-size":"auto","background-attachment":"scroll","background-type":"","background-media":"","overlay-type":"","overlay-color":"","overlay-opacity":"","overlay-gradient":""}},"_joinchat":[]},"product_cat":[21],"product_tag":[],"class_list":{"0":"post-2447","1":"product","2":"type-product","3":"status-publish","4":"has-post-thumbnail","6":"product_cat-chauffage","7":"pa_marque-ariston","8":"desktop-align-left","9":"tablet-align-left","10":"mobile-align-left","12":"first","13":"instock","14":"purchasable","15":"product-type-simple"},"yoast_head":"<!-- This site is optimized with the Yoast SEO plugin v24.3 - https:\/\/yoast.com\/wordpress\/plugins\/seo\/ -->\n<title>Chauffe-eau \u00e9lectrique L 30 Blu Evo R30\/3 Ariston -<\/title>\n<meta name=\"robots\" content=\"index, follow, max-snippet:-1, max-image-preview:large, max-video-preview:-1\" \/>\n<link rel=\"canonical\" href=\"https:\/\/metapro-service.fr\/index.php\/produit\/chauffe-eau-electrique-l-30-blu-ariston\/\" \/>\n<meta property=\"og:locale\" content=\"fr_FR\" \/>\n<meta property=\"og:type\" content=\"article\" \/>\n<meta property=\"og:title\" content=\"Chauffe-eau \u00e9lectrique L 30 Blu Evo R30\/3 Ariston -\" \/>\n<meta property=\"og:description\" content=\"Caract\u00e9ristiques principales &nbsp;   Chauffe-eau \u00e9lectrique \u00e0 accumulation ARISTON, compact et con\u00e7u pour les petits besoins en eau chaude avec une capacit\u00e9 de 30 L.  Puissance de 1,5 kW offrant une chauffe adapt\u00e9e aux installations au-dessus de l&#039;\u00e9vier.  Protection anticorrosion : \u00e9quip\u00e9 d&#039;une anode en magn\u00e9sium et d\u2019une cuve \u00e9maill\u00e9e pour une meilleure durabilit\u00e9.  S\u00e9curit\u00e9 et fiabilit\u00e9 : thermostat de s\u00e9curit\u00e9 bipolaire et soupape de s\u00e9curit\u00e9 int\u00e9gr\u00e9s.  Installation verticale suspendue, avec des dimensions compactes (H x L x P : 45 x 41 x 45 cm), id\u00e9al pour les espaces restreints.  Garantie de 3 ans sur la cuve pour une tranquillit\u00e9 d\u2019esprit lors de l&#039;utilisation quotidienne.\" \/>\n<meta property=\"og:url\" content=\"https:\/\/metapro-service.fr\/index.php\/produit\/chauffe-eau-electrique-l-30-blu-ariston\/\" \/>\n<meta property=\"article:publisher\" content=\"https:\/\/www.facebook.com\/profile.php?id=61565459049500&amp;is_tour_dismissed\" \/>\n<meta property=\"article:modified_time\" content=\"2024-11-07T10:59:24+00:00\" \/>\n<meta property=\"og:image\" content=\"https:\/\/metapro-service.fr\/wp-content\/uploads\/2024\/10\/12-2.png\" \/>\n\t<meta property=\"og:image:width\" content=\"500\" \/>\n\t<meta property=\"og:image:height\" content=\"500\" \/>\n\t<meta property=\"og:image:type\" content=\"image\/png\" \/>\n<meta name=\"twitter:card\" content=\"summary_large_image\" \/>\n<meta name=\"twitter:site\" content=\"@MetaproService\" \/>\n<meta name=\"twitter:label1\" content=\"Dur\u00e9e de lecture estim\u00e9e\" \/>\n\t<meta name=\"twitter:data1\" content=\"1 minute\" \/>\n<script type=\"application\/ld+json\" class=\"yoast-schema-graph\">{\"@context\":\"https:\/\/schema.org\",\"@graph\":[{\"@type\":\"WebPage\",\"@id\":\"https:\/\/metapro-service.fr\/index.php\/produit\/chauffe-eau-electrique-l-30-blu-ariston\/\",\"url\":\"https:\/\/metapro-service.fr\/index.php\/produit\/chauffe-eau-electrique-l-30-blu-ariston\/\",\"name\":\"Chauffe-eau \u00e9lectrique L 30 Blu Evo R30\/3 Ariston -\",\"isPartOf\":{\"@id\":\"https:\/\/metapro-service.fr\/#website\"},\"primaryImageOfPage\":{\"@id\":\"https:\/\/metapro-service.fr\/index.php\/produit\/chauffe-eau-electrique-l-30-blu-ariston\/#primaryimage\"},\"image\":{\"@id\":\"https:\/\/metapro-service.fr\/index.php\/produit\/chauffe-eau-electrique-l-30-blu-ariston\/#primaryimage\"},\"thumbnailUrl\":\"https:\/\/metapro-service.fr\/wp-content\/uploads\/2024\/10\/12-2.png\",\"datePublished\":\"2024-10-11T10:56:00+00:00\",\"dateModified\":\"2024-11-07T10:59:24+00:00\",\"breadcrumb\":{\"@id\":\"https:\/\/metapro-service.fr\/index.php\/produit\/chauffe-eau-electrique-l-30-blu-ariston\/#breadcrumb\"},\"inLanguage\":\"fr-FR\",\"potentialAction\":[{\"@type\":\"ReadAction\",\"target\":[\"https:\/\/metapro-service.fr\/index.php\/produit\/chauffe-eau-electrique-l-30-blu-ariston\/\"]}]},{\"@type\":\"ImageObject\",\"inLanguage\":\"fr-FR\",\"@id\":\"https:\/\/metapro-service.fr\/index.php\/produit\/chauffe-eau-electrique-l-30-blu-ariston\/#primaryimage\",\"url\":\"https:\/\/metapro-service.fr\/wp-content\/uploads\/2024\/10\/12-2.png\",\"contentUrl\":\"https:\/\/metapro-service.fr\/wp-content\/uploads\/2024\/10\/12-2.png\",\"width\":500,\"height\":500,\"caption\":\"Plombier Plombier14 Metapro service meta pro service metaproservice Plombier14e Plombier14\u00e9me Plombier paris Plombier 14\u00e9me arrondissement Plombier14e paris magasin de service plombier paris chaudi\u00e8re entretien de chaudi\u00e8re chauffagiste \u00e9lectricien Plombier Paris 14 Plombier 14\u00e8me arrondissement Urgence plomberie Paris 14 R\u00e9paration fuite eau Paris 14 D\u00e9bouchage canalisation 14\u00e8me Installation sanitaire Paris 14 Chauffagiste Paris 14 D\u00e9pannage plomberie 14\u00e8me Entretien chaudi\u00e8re Paris 14 Plombier pas cher Paris 14 Artisan plombier Paris 14 Plomberie g\u00e9n\u00e9rale 14\u00e8me Intervention rapide plombier 14\u00e8me Remplacement chauffe-eau Paris 14 Plombier chauffagiste Paris 14\"},{\"@type\":\"BreadcrumbList\",\"@id\":\"https:\/\/metapro-service.fr\/index.php\/produit\/chauffe-eau-electrique-l-30-blu-ariston\/#breadcrumb\",\"itemListElement\":[{\"@type\":\"ListItem\",\"position\":1,\"name\":\"Accueil\",\"item\":\"https:\/\/metapro-service.fr\/\"},{\"@type\":\"ListItem\",\"position\":2,\"name\":\"Produits\",\"item\":\"https:\/\/metapro-service.fr\/index.php\/boutique\/\"},{\"@type\":\"ListItem\",\"position\":3,\"name\":\"Chauffe-eau \u00e9lectrique L 30 Blu Evo R30\/3 Ariston\"}]},{\"@type\":\"WebSite\",\"@id\":\"https:\/\/metapro-service.fr\/#website\",\"url\":\"https:\/\/metapro-service.fr\/\",\"name\":\"Metapro services\",\"description\":\"\",\"publisher\":{\"@id\":\"https:\/\/metapro-service.fr\/#organization\"},\"potentialAction\":[{\"@type\":\"SearchAction\",\"target\":{\"@type\":\"EntryPoint\",\"urlTemplate\":\"https:\/\/metapro-service.fr\/?s={search_term_string}\"},\"query-input\":{\"@type\":\"PropertyValueSpecification\",\"valueRequired\":true,\"valueName\":\"search_term_string\"}}],\"inLanguage\":\"fr-FR\"},{\"@type\":\"Organization\",\"@id\":\"https:\/\/metapro-service.fr\/#organization\",\"name\":\"Metapro services\",\"alternateName\":\"Plombier Paris\",\"url\":\"https:\/\/metapro-service.fr\/\",\"logo\":{\"@type\":\"ImageObject\",\"inLanguage\":\"fr-FR\",\"@id\":\"https:\/\/metapro-service.fr\/#\/schema\/logo\/image\/\",\"url\":\"https:\/\/metapro-service.fr\/wp-content\/uploads\/2024\/09\/cropped-LOGO.jpg\",\"contentUrl\":\"https:\/\/metapro-service.fr\/wp-content\/uploads\/2024\/09\/cropped-LOGO.jpg\",\"width\":491,\"height\":231,\"caption\":\"Metapro services\"},\"image\":{\"@id\":\"https:\/\/metapro-service.fr\/#\/schema\/logo\/image\/\"},\"sameAs\":[\"https:\/\/www.facebook.com\/profile.php?id=61565459049500&is_tour_dismissed\",\"https:\/\/x.com\/MetaproService\"]}]}<\/script>\n<!-- \/ Yoast SEO plugin. -->","yoast_head_json":{"title":"Chauffe-eau \u00e9lectrique L 30 Blu Evo R30\/3 Ariston -","robots":{"index":"index","follow":"follow","max-snippet":"max-snippet:-1","max-image-preview":"max-image-preview:large","max-video-preview":"max-video-preview:-1"},"canonical":"https:\/\/metapro-service.fr\/index.php\/produit\/chauffe-eau-electrique-l-30-blu-ariston\/","og_locale":"fr_FR","og_type":"article","og_title":"Chauffe-eau \u00e9lectrique L 30 Blu Evo R30\/3 Ariston -","og_description":"Caract\u00e9ristiques principales &nbsp;   Chauffe-eau \u00e9lectrique \u00e0 accumulation ARISTON, compact et con\u00e7u pour les petits besoins en eau chaude avec une capacit\u00e9 de 30 L.  Puissance de 1,5 kW offrant une chauffe adapt\u00e9e aux installations au-dessus de l'\u00e9vier.  Protection anticorrosion : \u00e9quip\u00e9 d'une anode en magn\u00e9sium et d\u2019une cuve \u00e9maill\u00e9e pour une meilleure durabilit\u00e9.  S\u00e9curit\u00e9 et fiabilit\u00e9 : thermostat de s\u00e9curit\u00e9 bipolaire et soupape de s\u00e9curit\u00e9 int\u00e9gr\u00e9s.  Installation verticale suspendue, avec des dimensions compactes (H x L x P : 45 x 41 x 45 cm), id\u00e9al pour les espaces restreints.  Garantie de 3 ans sur la cuve pour une tranquillit\u00e9 d\u2019esprit lors de l'utilisation quotidienne.","og_url":"https:\/\/metapro-service.fr\/index.php\/produit\/chauffe-eau-electrique-l-30-blu-ariston\/","article_publisher":"https:\/\/www.facebook.com\/profile.php?id=61565459049500&is_tour_dismissed","article_modified_time":"2024-11-07T10:59:24+00:00","og_image":[{"width":500,"height":500,"url":"https:\/\/metapro-service.fr\/wp-content\/uploads\/2024\/10\/12-2.png","type":"image\/png"}],"twitter_card":"summary_large_image","twitter_site":"@MetaproService","twitter_misc":{"Dur\u00e9e de lecture estim\u00e9e":"1 minute"},"schema":{"@context":"https:\/\/schema.org","@graph":[{"@type":"WebPage","@id":"https:\/\/metapro-service.fr\/index.php\/produit\/chauffe-eau-electrique-l-30-blu-ariston\/","url":"https:\/\/metapro-service.fr\/index.php\/produit\/chauffe-eau-electrique-l-30-blu-ariston\/","name":"Chauffe-eau \u00e9lectrique L 30 Blu Evo R30\/3 Ariston -","isPartOf":{"@id":"https:\/\/metapro-service.fr\/#website"},"primaryImageOfPage":{"@id":"https:\/\/metapro-service.fr\/index.php\/produit\/chauffe-eau-electrique-l-30-blu-ariston\/#primaryimage"},"image":{"@id":"https:\/\/metapro-service.fr\/index.php\/produit\/chauffe-eau-electrique-l-30-blu-ariston\/#primaryimage"},"thumbnailUrl":"https:\/\/metapro-service.fr\/wp-content\/uploads\/2024\/10\/12-2.png","datePublished":"2024-10-11T10:56:00+00:00","dateModified":"2024-11-07T10:59:24+00:00","breadcrumb":{"@id":"https:\/\/metapro-service.fr\/index.php\/produit\/chauffe-eau-electrique-l-30-blu-ariston\/#breadcrumb"},"inLanguage":"fr-FR","potentialAction":[{"@type":"ReadAction","target":["https:\/\/metapro-service.fr\/index.php\/produit\/chauffe-eau-electrique-l-30-blu-ariston\/"]}]},{"@type":"ImageObject","inLanguage":"fr-FR","@id":"https:\/\/metapro-service.fr\/index.php\/produit\/chauffe-eau-electrique-l-30-blu-ariston\/#primaryimage","url":"https:\/\/metapro-service.fr\/wp-content\/uploads\/2024\/10\/12-2.png","contentUrl":"https:\/\/metapro-service.fr\/wp-content\/uploads\/2024\/10\/12-2.png","width":500,"height":500,"caption":"Plombier Plombier14 Metapro service meta pro service metaproservice Plombier14e Plombier14\u00e9me Plombier paris Plombier 14\u00e9me arrondissement Plombier14e paris magasin de service plombier paris chaudi\u00e8re entretien de chaudi\u00e8re chauffagiste \u00e9lectricien Plombier Paris 14 Plombier 14\u00e8me arrondissement Urgence plomberie Paris 14 R\u00e9paration fuite eau Paris 14 D\u00e9bouchage canalisation 14\u00e8me Installation sanitaire Paris 14 Chauffagiste Paris 14 D\u00e9pannage plomberie 14\u00e8me Entretien chaudi\u00e8re Paris 14 Plombier pas cher Paris 14 Artisan plombier Paris 14 Plomberie g\u00e9n\u00e9rale 14\u00e8me Intervention rapide plombier 14\u00e8me Remplacement chauffe-eau Paris 14 Plombier chauffagiste Paris 14"},{"@type":"BreadcrumbList","@id":"https:\/\/metapro-service.fr\/index.php\/produit\/chauffe-eau-electrique-l-30-blu-ariston\/#breadcrumb","itemListElement":[{"@type":"ListItem","position":1,"name":"Accueil","item":"https:\/\/metapro-service.fr\/"},{"@type":"ListItem","position":2,"name":"Produits","item":"https:\/\/metapro-service.fr\/index.php\/boutique\/"},{"@type":"ListItem","position":3,"name":"Chauffe-eau \u00e9lectrique L 30 Blu Evo R30\/3 Ariston"}]},{"@type":"WebSite","@id":"https:\/\/metapro-service.fr\/#website","url":"https:\/\/metapro-service.fr\/","name":"Metapro services","description":"","publisher":{"@id":"https:\/\/metapro-service.fr\/#organization"},"potentialAction":[{"@type":"SearchAction","target":{"@type":"EntryPoint","urlTemplate":"https:\/\/metapro-service.fr\/?s={search_term_string}"},"query-input":{"@type":"PropertyValueSpecification","valueRequired":true,"valueName":"search_term_string"}}],"inLanguage":"fr-FR"},{"@type":"Organization","@id":"https:\/\/metapro-service.fr\/#organization","name":"Metapro services","alternateName":"Plombier Paris","url":"https:\/\/metapro-service.fr\/","logo":{"@type":"ImageObject","inLanguage":"fr-FR","@id":"https:\/\/metapro-service.fr\/#\/schema\/logo\/image\/","url":"https:\/\/metapro-service.fr\/wp-content\/uploads\/2024\/09\/cropped-LOGO.jpg","contentUrl":"https:\/\/metapro-service.fr\/wp-content\/uploads\/2024\/09\/cropped-LOGO.jpg","width":491,"height":231,"caption":"Metapro services"},"image":{"@id":"https:\/\/metapro-service.fr\/#\/schema\/logo\/image\/"},"sameAs":["https:\/\/www.facebook.com\/profile.php?id=61565459049500&is_tour_dismissed","https:\/\/x.com\/MetaproService"]}]}},"_links":{"self":[{"href":"https:\/\/metapro-service.fr\/index.php\/wp-json\/wp\/v2\/product\/2447","targetHints":{"allow":["GET"]}}],"collection":[{"href":"https:\/\/metapro-service.fr\/index.php\/wp-json\/wp\/v2\/product"}],"about":[{"href":"https:\/\/metapro-service.fr\/index.php\/wp-json\/wp\/v2\/types\/product"}],"wp:featuredmedia":[{"embeddable":true,"href":"https:\/\/metapro-service.fr\/index.php\/wp-json\/wp\/v2\/media\/2442"}],"wp:attachment":[{"href":"https:\/\/metapro-service.fr\/index.php\/wp-json\/wp\/v2\/media?parent=2447"}],"wp:term":[{"taxonomy":"product_cat","embeddable":true,"href":"https:\/\/metapro-service.fr\/index.php\/wp-json\/wp\/v2\/product_cat?post=2447"},{"taxonomy":"product_tag","embeddable":true,"href":"https:\/\/metapro-service.fr\/index.php\/wp-json\/wp\/v2\/product_tag?post=2447"}],"curies":[{"name":"wp","href":"https:\/\/api.w.org\/{rel}","templated":true}]}}